5
What is the units digit of 59180?
0
What is the thousands digit of 7498?
7
What is the units digit of 60640?
0
What is the hundreds digit of 9734?
7
What is the tens digit of 934?
3
What is the tens digit of 15506?
0
What is the units digit of 346?
6
What is the hundreds digit of 1782?
7
What is the units digit of 345?
5
What is the thousands digit of 4354?
4
What is the tens digit of 421?
2
What is the thousands digit of 24425?
4
What is the thousands digit of 24724?
4
What is the units digit of 1089?
9
What is the hundreds digit of 61722?
7
What is the units digit of 2832?
2
What is the tens digit of 705?
0
What is the tens digit of 818?
1
What is the thousands digit of 4931?
4
What is the hundreds digit of 2253?
2
What is the thousands digit of 2190?
2
What is the tens digit of 5878?
7
What is the thousands digit of 2109?
2
What is the units digit of 231?
1
What is the thousands digit of 1498?
1
What is the thousands digit of 3662?
3
What is the tens digit of 83507?
0
What is the hundreds digit of 1274?
2
What is the thousands digit of 65682?
5
What is the hundred thousands digit of 109463?
1
What is the tens digit of 12399?
9
What is the thousands digit of 21271?
1
What is the hundreds digit of 2614?
6
What is the units digit of 45179?
9
What is the hundreds digit of 4346?
3
What is the units digit of 2175?
5
What is the thousands digit of 102131?
2
What is the hundreds digit of 278?
2
What is the thousands digit of 1412?
1
What is the units digit of 3821?
1
What is the units digit of 7499?
9
What is the tens digit of 68861?
6
What is the tens digit of 4181?
8
What is the tens digit of 936?
3
What is the thousands digit of 33201?
3
What is the units digit of 43475?
5
What is the thousands digit of 4931?
4
What is the hundreds digit of 2703?
7
What is the ten thousands digit of 93602?
9
What is the units digit of 21898?
8
What is the hundreds digit of 1501?
5
What is the thousands digit of 24456?
4
What is the thousands digit of 2969?
2
What is the thousands digit of 147375?
7
What is the thousands digit of 19364?
9
What is the hundreds digit of 90405?
4
What is the ten thousands digit of 10538?
1
What is the hundreds digit of 914?
9
What is the units digit of 4945?
5
What is the units digit of 74?
4
What is the units digit of 106?
6
What is the tens digit of 3870?
7
What is the hundreds digit of 1799?
7
What is the units digit of 28611?
1
What is the ten thousands digit of 40983?
4
What is the units digit of 2408?
8
What is the thousands digit of 2559?
2
What is the tens digit of 57498?
9
What is the thousands digit of 2147?
2
What is the hundreds digit of 8482?
4
What is the units digit of 10858?
8
What is the tens digit of 751?
5
What is the tens digit of 16?
1
What is the ten thousands digit of 24062?
2
What is the units digit of 1843?
3
What is the hundreds digit of 39429?
4
What is the units digit of 1681?
1
What is the units digit of 2007?
7
What is the hundreds digit of 1302?
3
What is the hundreds digit of 32646?
6
What is the hundreds digit of 89754?
7
What is the tens digit of 354?
5
What is the thousands digit of 1012?
1
What is the thousands digit of 40260?
0
What is the tens digit of 2973?
7
What is the hundreds digit of 6754?
7
What is the ten thousands digit of 136485?
3
What is the units digit of 22058?
8
What is the ten thousands digit of 18334?
1
What is the tens digit of 36415?
1
What is the hundreds digit of 20979?
9
What is the hundred thousands digit of 197600?
1
What is the tens digit of 44046?
4
What is the tens digit of 1949?
4
What is the ten thousands digit of 21755?
2
What is the ten thousands digit of 88290?
8
What is the units digit of 702?
2
What is the tens digit of 1453?
5
What is the tens digit of 66?
6
What is the units digit of 1968?
8
What is the ten thousands digit of 46465?
4
What is the tens digit of 1763?
6
What is the hundreds digit of 930?
9
What is the ten thousands digit of 25824?
2
What is the tens digit of 7932?
3
What is the hundred thousands digit of 126072?
1
What is the thousands digit of 1009?
1
What is the hundred thousands digit of 113980?
1
What is the hundreds digit of 890?
8
What is the units digit of 1453?
3
What is the tens digit of 3024?
2
What is the tens digit of 93?
9
What is the units digit of 4173?
3
What is the tens digit of 679?
7
What is the thousands digit of 2544?
2
What is the units digit of 69?
9
What is the tens digit of 28137?
3
What is the ten thousands digit of 73251?
7
What is the tens digit of 49941?
4
What is the hundreds digit of 454?
4
What is the thousands digit of 31212?
1
What is the tens digit of 4867?
6
What is the units digit of 47?
7
What is the ten thousands digit of 63734?
6
What is the tens digit of 24673?
7
What is the tens digit of 46067?
6
What is the thousands digit of 4246?
4
What is the thousands digit of 124010?
4
What is the units digit of 3442?
2
What is the hundreds digit of 64945?
9
What is the thousands digit of 42791?
2
What is the hundreds digit of 6650?
6
What is the units digit of 107?
7
What is the units digit of 478?
8
What is the units digit of 6184?
4
What is the units digit of 793?
3
What is the ten thousands digit of 22240?
2
What is the hundreds digit of 1978?
9
What is the hundreds digit of 845?
8
What is the hundreds digit of 2039?
0
What is the tens digit of 119?
1
What is the units digit of 660?
0
What is the tens digit of 9873?
7
What is the tens digit of 13393?
9
What is the tens digit of 4530?
3
What is the hundreds digit of 7201?
2
What is the thousands digit of 27499?
7
What is the hundreds digit of 654?
6
What is the tens digit of 20?
2
What is the hundreds digit of 1365?
3
What is the thousands digit of 2106?
2
What is the tens digit of 34472?
7
What is the tens digit of 45565?
6
What is the tens digit of 515?
1
What is the tens digit of 13763?
6
What is the units digit of 14800?
0
What is the tens digit of 21?
2
What is the tens digit of 545?
4
What is the hundreds digit of 401?
4
What is the tens digit of 3182?
8
What is the hundreds digit of 83346?
3
What is the hundreds digit of 2525?
5
What is the tens digit of 2091?
9
What is the hundreds digit of 15815?
8
What is the ten thousands digit of 14443?
1
What is the tens digit of 6999?
9
What is the thousands digit of 1472?
1
What is the units digit of 1263?
3
What is the hundreds digit of 46175?
1
What is the tens digit of 5265?
6
What is the thousands digit of 1999?
1
What is the units digit of 1900?
0
What is the thousands digit of 8547?
8
What is the units digit of 96319?
9
What is the tens digit of 55233?
3
What is the tens digit of 424?
2
What is the units digit of 2820?
0
What is the units digit of 219?
9
What is the hundreds digit of 98010?
0
What is the hundreds digit of 1257?
2
What is the tens digit of 5504?
0
What is the tens digit of 23284?
8
What is the tens digit of 1547?
4
What is the thousands digit of 5112?
5
What is the tens digit of 1693?
9
What is the thousands digit of 2507?
2
What is the thousands digit of 135482?
5
What is the hundreds digit of 17162?
1
What is the tens digit of 5154?
5
What is the hundreds digit of 5981?
9
What is the tens digit of 3205?
0
What is the tens digit of 20388?
8
What is the units digit of 9744?
4
What is the hundreds digit of 888?
8
What is the thousands digit of 6340?
6
What is the hundreds digit of 7514?
5
What is the thousands digit of 8000?
8
What is the hundreds digit of 50783?
7
What is the thousands digit of 8457?
8
What is the tens digit of 439?
3
What is the units digit of 938?
8
What is the tens digit of 3488?
8
What is the ten thousands digit of 25959?
2
What is the thousands digit of 6945?
6
What is the hundreds digit of 20128?
1
What is the tens digit of 56640?
4
What is the units digit of 150?
0
What is the units digit of 2140?
0
What is the thousands digit of 79372?
9
What is the tens digit of 124132?
3
What is the thousands digit of 134729?
4
What is the tens digit of 5664?
6
What is the tens digit of 1612?
1
What is the tens digit of 26854?
5
What is the thousands digit of 2156?
2
What is the tens digit of 47149?
4
What is the units digit of 9623?
3
What is the units digit of 152012?
2
What is the thousands digit of 64448?
4
What is the tens digit of 5091?
9
What is the thousands digit of 